 factors of 120607867?
120607867
List the prime factors of 2815737487.
23, 2399, 51031
List the prime factors of 31472875.
5, 7, 35969
List the prime factors of 5728343.
2113, 2711
List the prime factors of 40965094.
2, 20482547
What are the prime factors of 4139671322?
2, 19, 108938719
List the prime factors of 79130299.
29, 2728631
What are the prime factors of 286625206?
2, 7, 417821
List the prime factors of 892968567.
3, 297656189
What are the prime factors of 113908680?
2, 3, 5, 11719
List the prime factors of 343894902.
2, 3, 13, 4408909
What are the prime factors of 268538843?
179, 883, 1699
What are the prime factors of 263508191?
37, 1307, 5449
What are the prime factors of 1905747618?
2, 3, 229, 1387007
What are the prime factors of 5539703?
13, 426131
List the prime factors of 123610455.
3, 5, 101737
List the prime factors of 706704073.
97, 127, 57367
List the prime factors of 14714337.
3, 11, 47, 53, 179
List the prime factors of 241297068.
2, 3, 157, 211, 607
What are the prime factors of 28073958?
2, 3, 11, 425363
List the prime factors of 57663079.
57663079
List the prime factors of 29177910.
2, 3, 5, 324199
List the prime factors of 74416926.
2, 3, 31, 347, 1153
List the prime factors of 666944511.
3, 101, 2201137
List the prime factors of 219905510.
2, 5, 11, 683, 2927
What are the prime factors of 1421111647?
71, 20015657
What are the prime factors of 2531398223?
2531398223
List the prime factors of 166345146.
2, 3, 11, 227, 3701
What are the prime factors of 36795036?
2, 3, 3066253
What are the prime factors of 795675345?
3, 5, 71, 747113
List the prime factors of 810605577.
3, 17, 31, 512717
List the prime factors of 31026242.
2, 13, 337, 3541
What are the prime factors of 258261115?
5, 7, 809, 1303
List the prime factors of 618007241.
59, 10474699
List the prime factors of 1664410.
2, 5, 11, 15131
What are the prime factors of 81295112?
2, 43, 236323
List the prime factors of 165522261.
3, 55174087
List the prime factors of 576315662.
2, 13, 71, 312197
What are the prime factors of 565225279?
565225279
What are the prime factors of 53926248?
2, 3, 2246927
List the prime factors of 39442622.
2, 331, 59581
What are the prime factors of 109234534?
2, 19, 43, 66851
What are the prime factors of 6738309487?
7, 13, 131, 565247
What are the prime factors of 161730428?
2, 97, 523, 797
What are the prime factors of 714325425?
3, 5, 11, 19, 199, 229
What are the prime factors of 58152893?
523, 111191
What are the prime factors of 1249822674?
2, 3, 69434593
List the prime factors of 3875452617.
3, 17, 2971, 25577
What are the prime factors of 267423633?
3, 9904579
List the prime factors of 377917488.
2, 3, 13, 7477
What are the prime factors of 316886286?
2, 3, 59, 895159
What are the prime factors of 1452725745?
3, 5, 96848383
What are the prime factors of 241836704?
2, 31, 243787
What are the prime factors of 2174644823?
13, 31, 1093, 4937
List the prime factors of 50682168.
2, 3, 17, 47, 881
What are the prime factors of 6338231317?
11, 1721, 2767
List the prime factors of 628047121.
13, 43, 1051, 1069
List the prime factors of 379519964.
2, 23, 337, 12241
List the prime factors of 1812860080.
2, 5, 173, 130987
What are the prime factors of 96174936?
2, 3, 11, 13, 9341
What are the prime factors of 315439264?
2, 7, 29, 991
List the prime factors of 518643277.
3391, 152947
List the prime factors of 5557402944.
2, 3, 461, 20929
List the prime factors of 148376363.
148376363
List the prime factors of 1966946863.
7, 280992409
List the prime factors of 1390181703.
3, 463393901
What are the prime factors of 105511869?
3, 3907847
What are the prime factors of 912985357?
17, 53705021
List the prime factors of 2376184372.
2, 23, 131, 197161
List the prime factors of 531254754.
2, 3, 2297, 4283
What are the prime factors of 1866121?
29, 229, 281
What are the prime factors of 45217305?
3, 5, 7, 59, 811
What are the prime factors of 35911145?
5, 211, 34039
List the prime factors of 27341914.
2, 13670957
What are the prime factors of 371104111?
7, 53014873
List the prime factors of 25144995.
3, 5, 1676333
List the prime factors of 1044005773.
1481, 704933
List the prime factors of 82196633.
82196633
What are the prime factors of 410460927?
3, 136820309
What are the prime factors of 4461156157?
4461156157
What are the prime factors of 6892739711?
11, 13, 71, 61717
What are the prime factors of 155369017?
155369017
List the prime factors of 121922619.
3, 7, 13, 446603
List the prime factors of 640406203.
640406203
List the prime factors of 367997214.
2, 3, 13, 4717913
List the prime factors of 949912519.
17, 55877207
List the prime factors of 46017389.
11, 380309
List the prime factors of 898141906.
2, 71, 109, 58027
What are the prime factors of 448491941?
19, 23604839
List the prime factors of 8014967897.
8014967897
What are the prime factors of 227329740?
2, 3, 5, 11, 12757
List the prime factors of 656258255.
5, 29, 131, 34549
List the prime factors of 29443642.
2, 29, 199, 2551
List the prime factors of 2087087547.
3, 19, 36615571
What are the prime factors of 73453234?
2, 3109, 11813
List the prime factors of 3204589507.
7, 457798501
What are the prime factors of 49891222?
2, 24945611
List the prime factors of 1711104322.
2, 855552161
List the prime factors of 57978298.
2, 7, 4141307
List the prime factors of 16974236.
2, 31, 136889
List the prime factors of 131877114.
2, 3, 101, 217619
List the prime factors of 27713099.
263, 105373
What are the prime factors of 52004634?
2, 3, 11, 19, 113, 367
List the prime factors of 99105177.
3, 53, 623303
List the prime factors of 347011149.
3, 503, 229961
What are the prime factors of 4985814130?
2, 5, 11, 19, 1153, 2069
List the prime factors of 340822869.
3, 6473, 17551
What are the prime factors of 2780545542?
2, 3, 14831, 31247
What are the prime factors of 5168112?
2, 3, 67, 1607
List the prime factors of 402107674.
2, 103, 733, 2663
What are the prime factors of 938080630?
2, 5, 617, 152039
What are the prime factors of 59861268?
2, 3, 47, 3931
What are the prime factors of 373140692?
2, 93285173
What are the prime factors of 752439294?
2, 3, 101, 15329
List the prime factors of 86233329.
3, 7, 13, 11699
What are the prime factors of 166860116?
2, 619, 67391
What are the prime factors of 5440647433?
13, 547, 765103
What are the prime factors of 216655386?
2, 3, 73, 494647
List the prime factors of 1221387281.
113, 10808737
What are the prime factors of 67904449?
67904449
List the prime factors of 1336446962.
2, 29, 89, 2909
List the prime factors of 1468788875.
5, 353, 33287
What are the prime factors of 461049950?
2, 5, 23, 17431
What are the prime factors of 123340863?
3, 41113621
List the prime factors of 73132139.
167, 193, 2269
What are the prime factors of 8337820?
2, 5, 17, 137, 179
What are the prime factors of 5173227069?
3, 1724409023
List the prime factors of 110128008.
2, 3, 4588667
List the prime factors of 361775097.
3, 40197233
What are the prime factors of 4699870175?
5, 7, 11, 13, 109, 1723
What are the prime factors of 1013751747?
3, 59, 149, 4271
List the prime factors of 63968662.
2, 31984331
List the prime factors of 48128754.
2, 3, 73, 109883
List the prime factors of 24401478.
2, 3, 41, 281, 353
List the prime factors of 1976938298.
2, 988469149
What are the prime factors of 658369752?
2, 3, 821, 33413
List the prime factors of 2494914937.
31, 71, 1133537
What are the prime factors of 1933549184?
2, 7, 563, 3833
What are the prime factors of 18628466?
2, 9314233
What are the prime factors of 89948337?
3, 19, 73, 21617
List the prime factors of 2026699041.
3, 7933, 85159
List the prime factors of 168338290.
2, 5, 19, 885991
What are the prime factors of 265216387?
59, 4495193
List the prime factors of 247918956.
2, 3, 17, 937, 1297
What are the prime factors of 4840034?
2, 2420017
What are the prime factors of 147840007?
7, 17, 19, 9341
List the prime factors of 1322630147.
19, 167, 416839
List the prime factors of 90306881.
7, 47, 274489
What are the prime factors of 8490624?
2, 3, 22111
List the prime factors of 864222133.
331, 2610943
List the prime factors of 19955650.
2, 5, 11, 13, 2791
List the prime factors of 716862840.
2, 3, 5, 149, 40093
List the prime fac